805 is divided by 152300.
5
What is the remainder when 255459 is divided by 288?
3
What is the remainder when 33145 is divided by 6536?
465
Calculate the remainder when 207612 is divided by 8299.
137
What is the remainder when 4368284 is divided by 1401?
1367
What is the remainder when 1251822 is divided by 106?
68
What is the remainder when 1810107 is divided by 40222?
117
Calculate the remainder when 56211103 is divided by 645.
643
What is the remainder when 17722839 is divided by 5400?
39
What is the remainder when 3593635 is divided by 614?
507
What is the remainder when 793070 is divided by 80?
30
What is the remainder when 654873 is divided by 680?
33
What is the remainder when 188357283 is divided by 1118?
1115
Calculate the remainder when 746105 is divided by 93202.
489
What is the remainder when 55682 is divided by 4536?
1250
Calculate the remainder when 185115478 is divided by 55.
53
Calculate the remainder when 1271753446 is divided by 7144.
7142
Calculate the remainder when 426016 is divided by 377.
6
Calculate the remainder when 608776 is divided by 4257.
25
What is the remainder when 129524 is divided by 63545?
2434
What is the remainder when 8358 is divided by 1602?
348
Calculate the remainder when 666108 is divided by 82990.
2188
What is the remainder when 418622 is divided by 73?
40
Calculate the remainder when 7778230 is divided by 732.
730
What is the remainder when 2693524 is divided by 1341?
796
What is the remainder when 1222503 is divided by 1068?
711
What is the remainder when 37434 is divided by 5673?
3396
What is the remainder when 10463230 is divided by 3406?
3404
What is the remainder when 58094201 is divided by 43?
40
Calculate the remainder when 48103367 is divided by 2792.
2791
What is the remainder when 21665 is divided by 40?
25
Calculate the remainder when 802799021 is divided by 1394.
1391
What is the remainder when 1346638537 is divided by 59?
58
Calculate the remainder when 2349391 is divided by 39154.
151
What is the remainder when 83119 is divided by 88?
47
What is the remainder when 916943 is divided by 13281?
554
Calculate the remainder when 860272 is divided by 674.
248
What is the remainder when 6885837 is divided by 239?
8
Calculate the remainder when 18958221 is divided by 2643.
2625
Calculate the remainder when 674863 is divided by 42.
7
Calculate the remainder when 3193094 is divided by 84.
2
Calculate the remainder when 16317989 is divided by 79.
65
What is the remainder when 14667688 is divided by 252889?
126
What is the remainder when 33542876 is divided by 1340?
1336
Calculate the remainder when 1681126 is divided by 516.
514
What is the remainder when 4568482 is divided by 36?
10
What is the remainder when 537273 is divided by 4884?
33
What is the remainder when 34839 is divided by 1650?
189
Calculate the remainder when 165129769 is divided by 757476.
1
What is the remainder when 25030663 is divided by 536?
535
Calculate the remainder when 567662 is divided by 189218.
8
What is the remainder when 52795027 is divided by 45?
37
Calculate the remainder when 490388 is divided by 2935.
243
Calculate the remainder when 8558 is divided by 6360.
2198
What is the remainder when 1224529 is divided by 365?
319
Calculate the remainder when 384613 is divided by 741.
34
What is the remainder when 269949 is divided by 67481?
25
What is the remainder when 109955 is divided by 1467?
1397
Calculate the remainder when 2706857 is divided by 1084.
109
Calculate the remainder when 70208401 is divided by 399.
361
What is the remainder when 18477 is divided by 18472?
5
What is the remainder when 403378 is divided by 2218?
1920
Calculate the remainder when 106338083 is divided by 49.
47
What is the remainder when 44574398 is divided by 216?
206
What is the remainder when 39539 is divided by 981?
299
What is the remainder when 226631 is divided by 515?
31
Calculate the remainder when 1406826 is divided by 8491.
5811
What is the remainder when 650590 is divided by 216861?
7
What is the remainder when 1729348 is divided by 3431?
124
What is the remainder when 18996042 is divided by 33?
21
What is the remainder when 57579 is divided by 8210?
109
Calculate the remainder when 134996 is divided by 129791.
5205
What is the remainder when 158086 is divided by 16416?
10342
What is the remainder when 27589768 is divided by 3065519?
97
What is the remainder when 181648 is divided by 15125?
148
What is the remainder when 1428879 is divided by 11701?
1357
What is the remainder when 86626 is divided by 85635?
991
What is the remainder when 36999357 is divided by 30?
27
What is the remainder when 11706978 is divided by 24138?
48
Calculate the remainder when 46610884 is divided by 9322174.
14
Calculate the remainder when 46801981 is divided by 1003.
998
Calculate the remainder when 241303360 is divided by 19.
16
Calculate the remainder when 29377073 is divided by 113.
11
What is the remainder when 12093926 is divided by 212?
174
Calculate the remainder when 14857419 is divided by 1046.
35
Calculate the remainder when 4006972 is divided by 137.
133
What is the remainder when 67024126 is divided by 1426045?
11
What is the remainder when 4903804 is divided by 15182?
18
Calculate the remainder when 77832709 is divided by 22495.
9
Calculate the remainder when 7544 is divided by 356.
68
What is the remainder when 6632 is divided by 1558?
400
What is the remainder when 1203883 is divided by 3834?
7
Calculate the remainder when 549682 is divided by 676.
94
What is the remainder when 8566312 is divided by 37?
35
What is the remainder when 561229 is divided by 193?
178
Calculate the remainder when 4402899 is divided by 3259.
3249
Calculate the remainder when 200929 is divided by 33353.
811
What is the remainder when 11631387 is divided by 23124?
15
Calculate the remainder when 660494 is divided by 286.
120
What is the remainder when 28166 is divided by 3071?
527
What is the remainder when 30495628 is divided by 3?
1
Calculate the remainder when 2280639 is divided by 242.
31
What is the remainder when 4978210 is divided by 325?
185
Calculate the remainder when 110902764 is divided by 10142.
10136
What is the remainder when 245017 is divided by 8179?
7826
Calculate the remainder when 6839291 is divided by 21712.
11
Calculate the remainder when 617428 is divided by 701.
548
Calculate the remainder when 8963487 is divided by 697.
67
What is the remainder when 166677975 is divided by 511?
506
What is the remainder when 80083 is divided by 53?
0
What is the remainder when 1545580 is divided by 1443?
127
Calculate the remainder when 2628986 is divided by 13.
9
What is the remainder when 6495584 is divided by 36?
32
Calculate the remainder when 126811 is divided by 42020.
751
Calculate the remainder when 755153 is divided by 251709.
26
Calculate the remainder when 1509738 is divided by 58065.
48
What is the remainder when 325771414 is divided by 1368?
1366
What is the remainder when 385740 is divided by 185?
15
Calculate the remainder when 449146855 is divided by 159.
157
What is the remainder when 265045 is divided by 88220?
385
What is the remainder when 176709 is divided by 176527?
182
What is the remainder when 2370673 is divided by 2370449?
224
Calculate the remainder when 22682 is divided by 286.
88
What is the remainder when 1069729 is divided by 40?
9
What is the remainder when 5431611 is divided by 34818?
3
Calculate the remainder when 1133662 is divided by 2028.
10
What is the remainder when 288470 is divided by 6554?
94
Calculate the remainder when 638773 is divided by 429.
421
What is the remainder when 6527262 is divided by 3043?
27
What is the remainder when 136720 is divided by 1470?
10
What is the remainder when 354287 is divided by 88570?
7
What is the remainder when 5430236 is divided by 178?
168
What is the remainder when 1507935 is divided by 2472?
15
What is the remainder when 29835 is divided by 970?
735
Calculate the remainder when 938950 is divided by 580.
510
Calculate the remainder when 50584119 is divided by 58.
57
What is the remainder when 2630172 is divided by 994?
48
Calculate the remainder when 1485445 is divided by 39.
13
Calculate the remainder when 14932379 is divided by 62.
51
Calculate the remainder when 6374 